{"id":412,"date":"2018-03-20T11:29:40","date_gmt":"2018-03-20T10:29:40","guid":{"rendered":"http:\/\/dev.neustadtbremen.com\/stadtteilmanagement\/?page_id=412"},"modified":"2025-10-02T10:42:43","modified_gmt":"2025-10-02T08:42:43","slug":"neustadt-stadtteilmanagement","status":"publish","type":"page","link":"https:\/\/neustadtbremen.de\/stadtteilmanagement\/neustadt-stadtteilmanagement\/","title":{"rendered":"Stadtteilmanagement"},"content":{"rendered":"<div id=\"pl-412\"  class=\"panel-layout\" ><div id=\"pg-412-0\"  class=\"panel-grid panel-has-style\" ><div class=\"container panel-row-style panel-row-style-for-412-0\" ><div id=\"pgc-412-0-0\"  class=\"panel-grid-cell\" ><div id=\"panel-412-0-0-0\" class=\"so-panel widget widget_bcn_widget widget_breadcrumb_navxt panel-first-child\" data-index=\"0\" ><div class=\"breadcrumbs\" vocab=\"https:\/\/schema.org\/\" typeof=\"BreadcrumbList\"><!-- Breadcrumb NavXT 7.2.0 -->\n<span property=\"itemListElement\" typeof=\"ListItem\"><a property=\"item\" typeof=\"WebPage\" title=\"Gehe zu Neustadt Stadtteilmanagement.\" href=\"https:\/\/neustadtbremen.de\/stadtteilmanagement\" class=\"home\"><span property=\"name\">Neustadt Stadtteilmanagement<\/span><\/a><meta property=\"position\" content=\"1\"><\/span><\/div><\/div><div id=\"panel-412-0-0-1\" class=\"so-panel widget widget_sow-editor panel-last-child\" data-index=\"1\" ><div\n\t\t\t\n\t\t\tclass=\"so-widget-sow-editor so-widget-sow-editor-base\"\n\t\t\t\n\t\t>\n<div class=\"siteorigin-widget-tinymce textwidget\">\n\t<h1>Das Stadtteilmanagement der Bremer Neustadt<\/h1>\n<\/div>\n<\/div><\/div><\/div><\/div><\/div><div id=\"pg-412-1\"  class=\"panel-grid panel-has-style\" ><div class=\"container panel-row-style panel-row-style-for-412-1\" ><div id=\"pgc-412-1-0\"  class=\"panel-grid-cell\" ><div id=\"panel-412-1-0-0\" class=\"so-panel widget widget_sow-editor panel-first-child panel-last-child\" data-index=\"2\" ><div class=\"posts-one__links panel-widget-style panel-widget-style-for-412-1-0-0\" ><div\n\t\t\t\n\t\t\tclass=\"so-widget-sow-editor so-widget-sow-editor-base\"\n\t\t\t\n\t\t>\n<div class=\"siteorigin-widget-tinymce textwidget\">\n\t<ul>\n<li><a href=\"https:\/\/neustadtbremen.de\/stadtteilmanagement\/wp-content\/uploads\/sites\/3\/2020\/04\/Satzung-Neustadt-Stadtteilmanagement_2018_Dezember_.pdf\">Vereinssatzung<\/a><\/li>\n<li><a href=\"https:\/\/neustadtbremen.de\/wp-content\/uploads\/2025\/10\/Beitrittserklaerung_2025_02102025.pdf\">Aufnahmeantrag<\/a><\/li>\n<\/ul>\n<\/div>\n<\/div><\/div><\/div><\/div><div id=\"pgc-412-1-1\"  class=\"panel-grid-cell panel-grid-cell-mobile-last\" ><div id=\"panel-412-1-1-0\" class=\"so-panel widget widget_sow-editor panel-first-child panel-last-child\" data-index=\"3\" ><div\n\t\t\t\n\t\t\tclass=\"so-widget-sow-editor so-widget-sow-editor-base\"\n\t\t\t\n\t\t>\n<div class=\"siteorigin-widget-tinymce textwidget\">\n\t<p><strong>Neustadt Stadtteilmanagement e.V.<\/strong><\/p>\n<p>Das Neustadt Stadtteilmanagement ist Expert:in f\u00fcr die Neustadt und engagiert sich seit 2005 erfolgreich f\u00fcr eine integrierte Stadtteilentwicklung.<\/p>\n<p>Dabei bedeutet 'Management': Moderieren, Koordinieren und Organisieren im Entwicklungsprozess der Neustadt und eine gewinnbringende Vernetzung von unterschiedlichen Interessen und Ressourcen im Stadtteilgebiet und dar\u00fcber hinaus.<br \/>\nDie Neustadt wandelt sich seit Jahren zu einem Hotspot Bremens und das Stadtteilmanagement begleitet und f\u00f6rdert diesen Prozess. In der Pandemie haben die Stadtteile enorm an Bedeutung gewonnen und das Neustadt Stadtteilmanagement ist Krisenbegleiter:in und wichtige Ansprechpartner:in. Im Lenkungskreis der \u201eInitiative der Stadtteile\u201c hat es eine f\u00fchrende Rolle \u00fcbernommen und engagiert sich f\u00fcr die St\u00e4rkung und Vernetzung aller Stadtteile. Gemeinsam wurde zum 1.1.2022 eine Stadtteilkoordinator:in Bremen eingestellt. Mehr Infos unter <a href=\"https:\/\/allesbremen.de\/\">https:\/\/allesbremen.de\/<\/a><\/p>\n<p><strong>Strategische Ziele des Neustadt Stadtteilmanagement<\/strong><\/p>\n<p><strong>Es geht darum eine gemeinsame Vision f\u00fcr die \u201eneue\u201c urbane Neustadt zu entwickeln und die Herausforderungen der Zukunft zu begleiten:<\/strong><\/p>\n<p>Digitalisierung, Urbanisierung, Nachhaltigkeit, Mobilit\u00e4t, Sicherheit, Gesundheit, Wissenskultur und Bildung<\/p>\n<p>Die wichtigsten strategischen Aufgaben und Ziele:<\/p>\n<ul>\n<li>Pandemie- und Krisenmanagement<\/li>\n<li>Identit\u00e4t \/DNA der Neustadt sichtbar machen und die Marke Neustadt st\u00e4rken<\/li>\n<li>Ver\u00e4nderungspotenziale und Wandel vorausschauend erkennen und aktiv begleiten<\/li>\n<li>Lokale \u00d6konomie unterst\u00fctzen<\/li>\n<li>Partizipation und B\u00fcrger:innen-Beteiligung<\/li>\n<li>Nachhaltigkeit und Klimaschutz in der Stadt f\u00f6rdern<\/li>\n<li>Herausforderungen der Zukunft koordinieren, begleiten, f\u00f6rdern und eine Vision entwickeln<\/li>\n<li>Schwerpunkthemen der Zukunft begleiten und f\u00f6rdern<\/li>\n<li>Kultur initiieren und st\u00e4rken<\/li>\n<li>Veranstaltungen im Stadtteil planen und durchf\u00fchren<\/li>\n<li>Musik- und Kulturfestival SummerSounds<\/li>\n<li>Kooperationspartner:in Bremer Kultur SommerSummarum<\/li>\n<\/ul>\n<p>Das Neustadt Stadtteilmanagement will auch zuk\u00fcnftig Antworten auf die Komplexit\u00e4t unserer Zeit finden. Es will weiterhin eine starke Verantwortung f\u00fcr die Neustadt \u00fcbernehmen und sich noch st\u00e4rker professionalisieren und profilieren. Hierf\u00fcr wurden die Vorrausetzungen geschaffen, Prozesse optimiert und Ver\u00e4nderungen initiiert. Der Verein WIR-Neustadt-Bremen e.V.\u201c hat mit dem Stadtteilmanagement fusioniert und bildet seit 2019 den Verein \u201eNeustadt Stadtteilmanagement e. V.\u201c. Seit 2021 ist das Stadtteilmanagement durch das Wirtschaftsressort Bremen institutionell gef\u00f6rdert.<\/p>\n<p>&nbsp;<\/p>\n<h2>Kontakt<\/h2>\n<p><strong>Neustadt Stadtteilmanagement e.V.<\/strong><br \/>\nCarina Henkel<br \/>\nAlte Post<br \/>\nMeyerstra\u00dfe 38\/40<\/p>\n<p>28201 Bremen<\/p>\n<p>E-Mail :\u00a0henkel@neustadtbremen.de<br \/>\nTelefon 0421 844 95 759<br \/>\nMobil 0176 23845469<\/p>\n<\/div>\n<\/div><\/div><\/div><div id=\"pgc-412-1-2\"  class=\"panel-grid-cell panel-grid-cell-empty\" ><\/div><\/div><\/div><\/div>","protected":false},"excerpt":{"rendered":"<p>Das Stadtteilmanagement der Bremer Neustadt Vereinssatzung Aufnahmeantrag Neustadt Stadtteilmanagement e.V. Das Neustadt Stadtteilmanagement ist Expert:in f\u00fcr die Neustadt und engagiert sich seit 2005 erfolgreich f\u00fcr eine integrierte Stadtteilentwicklung. Dabei bedeutet &#8218;Management&#8216;: Moderieren, Koordinieren und Organisieren im Entwicklungsprozess der Neustadt und eine gewinnbringende Vernetzung von unterschiedlichen Interessen und Ressourcen im Stadtteilgebiet und dar\u00fcber hinaus. Die Neustadt [&hellip;]<\/p>\n","protected":false},"author":3,"featured_media":0,"parent":0,"menu_order":0,"comment_status":"closed","ping_status":"closed","template":"","meta":[],"acf":[],"_links":{"self":[{"href":"https:\/\/neustadtbremen.de\/stadtteilmanagement\/wp-json\/wp\/v2\/pages\/412"}],"collection":[{"href":"https:\/\/neustadtbremen.de\/stadtteilmanagement\/wp-json\/wp\/v2\/pages"}],"about":[{"href":"https:\/\/neustadtbremen.de\/stadtteilmanagement\/wp-json\/wp\/v2\/types\/page"}],"author":[{"embeddable":true,"href":"https:\/\/neustadtbremen.de\/stadtteilmanagement\/wp-json\/wp\/v2\/users\/3"}],"replies":[{"embeddable":true,"href":"https:\/\/neustadtbremen.de\/stadtteilmanagement\/wp-json\/wp\/v2\/comments?post=412"}],"version-history":[{"count":46,"href":"https:\/\/neustadtbremen.de\/stadtteilmanagement\/wp-json\/wp\/v2\/pages\/412\/revisions"}],"predecessor-version":[{"id":679,"href":"https:\/\/neustadtbremen.de\/stadtteilmanagement\/wp-json\/wp\/v2\/pages\/412\/revisions\/679"}],"wp:attachment":[{"href":"https:\/\/neustadtbremen.de\/stadtteilmanagement\/wp-json\/wp\/v2\/media?parent=412"}],"curies":[{"name":"wp","href":"https:\/\/api.w.org\/{rel}","templated":true}]}}